{"version":"1.0","provider_name":"Stories for Caregivers","provider_url":"https:\/\/storiesforcaregivers.com\/fr\/","author_name":"Bannister Bergen","author_url":"https:\/\/storiesforcaregivers.com\/fr\/author\/bannister\/","title":"Cultures d\u2019aidance - Stories for Caregivers","type":"rich","width":600,"height":338,"html":"<blockquote class=\"wp-embedded-content\" data-secret=\"REQuB2HeAe\"><a href=\"https:\/\/storiesforcaregivers.com\/fr\/cultures-daidance-episode-pilote-2026\/\">Cultures d\u2019aidance<\/a><\/blockquote><iframe sandbox=\"allow-scripts\" security=\"restricted\" src=\"https:\/\/storiesforcaregivers.com\/fr\/cultures-daidance-episode-pilote-2026\/embed\/#?secret=REQuB2HeAe\" width=\"600\" height=\"338\" title=\"&#8220;Cultures d\u2019aidance&#8221; &#8212; Stories for Caregivers\" data-secret=\"REQuB2HeAe\" frameborder=\"0\" marginwidth=\"0\" marginheight=\"0\" scrolling=\"no\" class=\"wp-embedded-content\"><\/iframe><script type=\"text\/javascript\">\n\/* <![CDATA[ *\/\n\/*! This file is auto-generated *\/\n!function(d,l){\"use strict\";l.querySelector&&d.addEventListener&&\"undefined\"!=typeof URL&&(d.wp=d.wp||{},d.wp.receiveEmbedMessage||(d.wp.receiveEmbedMessage=function(e){var t=e.data;if((t||t.secret||t.message||t.value)&&!\/[^a-zA-Z0-9]\/.test(t.secret)){for(var s,r,n,a=l.querySelectorAll('iframe[data-secret=\"'+t.secret+'\"]'),o=l.querySelectorAll('blockquote[data-secret=\"'+t.secret+'\"]'),c=new RegExp(\"^https?:$\",\"i\"),i=0;i<o.length;i++)o[i].style.display=\"none\";for(i=0;i<a.length;i++)s=a[i],e.source===s.contentWindow&&(s.removeAttribute(\"style\"),\"height\"===t.message?(1e3<(r=parseInt(t.value,10))?r=1e3:~~r<200&&(r=200),s.height=r):\"link\"===t.message&&(r=new URL(s.getAttribute(\"src\")),n=new URL(t.value),c.test(n.protocol))&&n.host===r.host&&l.activeElement===s&&(d.top.location.href=t.value))}},d.addEventListener(\"message\",d.wp.receiveEmbedMessage,!1),l.addEventListener(\"DOMContentLoaded\",function(){for(var e,t,s=l.querySelectorAll(\"iframe.wp-embedded-content\"),r=0;r<s.length;r++)(t=(e=s[r]).getAttribute(\"data-secret\"))||(t=Math.random().toString(36).substring(2,12),e.src+=\"#?secret=\"+t,e.setAttribute(\"data-secret\",t)),e.contentWindow.postMessage({message:\"ready\",secret:t},\"*\")},!1)))}(window,document);\n\/\/# sourceURL=https:\/\/storiesforcaregivers.com\/wp-includes\/js\/wp-embed.min.js\n\/* ]]> *\/\n<\/script>\n","thumbnail_url":"https:\/\/storiesforcaregivers.com\/wp-content\/uploads\/2026\/04\/hqdefault-8.jpg","thumbnail_width":480,"thumbnail_height":360,"description":"D\u2019ici 20 ans, le nombre de personnes \u00e2g\u00e9es de 65 ans et plus augmentera de 68 % au Canada. Au Qu\u00e9bec seulement, il faudrait cr\u00e9er annuellement trois mille nouvelles places en h\u00e9bergement pour les personnes \u00e2g\u00e9es en perte d\u2019autonomie. Le d\u00e9fi semble titanesque, la probl\u00e9matique, sans issue. Pourtant, partout \u00e0 travers le Canada, des proches [&hellip;]"}

D’ici 20 ans, le nombre de personnes âgées de 65 ans et plus augmentera de 68 % au Canada. Au Québec seulement, il faudrait créer annuellement trois mille nouvelles places en hébergement pour les personnes âgées en perte d’autonomie. Le défi semble titanesque, la problématique, sans issue. Pourtant, partout à travers le Canada, des proches [&hellip;]
